{"id":35,"date":"2015-07-10T22:24:14","date_gmt":"2015-07-10T22:24:14","guid":{"rendered":"http:\/\/acsaluminyum.akdenizsoftware.com\/?page_id=35"},"modified":"2015-07-11T22:35:56","modified_gmt":"2015-07-11T22:35:56","slug":"iletisim","status":"publish","type":"page","link":"http:\/\/acsaluminyum.com.tr\/?page_id=35","title":{"rendered":"\u0130LET\u0130\u015e\u0130M"},"content":{"rendered":"<p><img loading=\"lazy\" decoding=\"async\" class=\"alignnone size-full wp-image-36\" src=\"http:\/\/acsaluminyum.com.tr\/wp-content\/uploads\/2015\/07\/iletisim.jpg\" alt=\"iletisim\" width=\"950\" height=\"300\" srcset=\"http:\/\/acsaluminyum.com.tr\/wp-content\/uploads\/2015\/07\/iletisim.jpg 950w, http:\/\/acsaluminyum.com.tr\/wp-content\/uploads\/2015\/07\/iletisim-300x95.jpg 300w\" sizes=\"auto, (max-width: 950px) 100vw, 950px\" \/><\/p>\n<h2 style=\"text-align: center;\"><strong>ACS ADALET CEPHE S\u0130STEMLER\u0130 AL\u00dcM\u0130NYUM<br \/>\n<\/strong>Web: <a href=\"http:\/\/www.acsaluminyum.com.tr\">www.acsaluminyum.com.tr<\/a>\u00a0 Email : <a href=\"mailto:info@acsaluminyum.com.tr\">info@acsaluminyum.com.tr<\/a><br \/>\nSosyal Medya :\u00a0 <a href=\"https:\/\/www.facebook.com\/Acsantalya\">Facebook.com\/Acsantalya<\/a><br \/>\nTel &amp; Fax : 0242 221 1527 Gsm : 0 535 451 63 03<br \/>\nAdres\u00a0 : Akdeniz Sanayi Sitesi Sitesi 5008 Sk. No:22 Kepez \/ Antalya<br \/>\n(<a href=\"https:\/\/www.google.com\/maps\/d\/edit?mid=zDmirZZ1ZdW8.kstRI8_e94Ks&amp;usp=sharing\" target=\"_blank\">Harita \u0130\u00e7in T\u0131klay\u0131n\u0131z<\/a> )<\/h2>\n<p><iframe loading=\"lazy\" src=\"https:\/\/www.google.com\/maps\/d\/embed?mid=zDmirZZ1ZdW8.kstRI8_e94Ks\" width=\"990\" height=\"480\"><\/iframe><\/p>\n","protected":false},"excerpt":{"rendered":"<p>ACS ADALET CEPHE S\u0130STEMLER\u0130 AL\u00dcM\u0130NYUM Web: www.acsaluminyum.com.tr\u00a0 Email : info@acsaluminyum.com.tr Sosyal Medya :\u00a0 Facebook.com\/Acsantalya Tel &amp; Fax : 0242 221 1527 Gsm : 0 535 451 63 03 Adres\u00a0 : Akdeniz Sanayi Sitesi Sitesi 5008 Sk. No:22 Kepez \/ Antalya (Harita \u0130\u00e7in T\u0131klay\u0131n\u0131z )<\/p>\n","protected":false},"author":1,"featured_media":0,"parent":0,"menu_order":0,"comment_status":"open","ping_status":"open","template":"page-full-width.php","meta":{"footnotes":""},"class_list":["post-35","page","type-page","status-publish","hentry"],"_links":{"self":[{"href":"http:\/\/acsaluminyum.com.tr\/index.php?rest_route=\/wp\/v2\/pages\/35","targetHints":{"allow":["GET"]}}],"collection":[{"href":"http:\/\/acsaluminyum.com.tr\/index.php?rest_route=\/wp\/v2\/pages"}],"about":[{"href":"http:\/\/acsaluminyum.com.tr\/index.php?rest_route=\/wp\/v2\/types\/page"}],"author":[{"embeddable":true,"href":"http:\/\/acsaluminyum.com.tr\/index.php?rest_route=\/wp\/v2\/users\/1"}],"replies":[{"embeddable":true,"href":"http:\/\/acsaluminyum.com.tr\/index.php?rest_route=%2Fwp%2Fv2%2Fcomments&post=35"}],"version-history":[{"count":0,"href":"http:\/\/acsaluminyum.com.tr\/index.php?rest_route=\/wp\/v2\/pages\/35\/revisions"}],"wp:attachment":[{"href":"http:\/\/acsaluminyum.com.tr\/index.php?rest_route=%2Fwp%2Fv2%2Fmedia&parent=35"}],"curies":[{"name":"wp","href":"https:\/\/api.w.org\/{rel}","templated":true}]}}